 6*a + u*a**2. What is m(5)?
-1
Let x(o) = -o - 5. Let p be (4 + -2)*(0 - -1). Suppose 3*d - 21 = -3*r, p*d = -4*r + 3*r + 9. Suppose k - d*k - 5 = 0. Give x(k).
0
Let m be 2 + -4 + 9/(-27)*9. Let f(u) = -u**2 - 3*u - 2. Determine f(m).
-12
Let n = 26 + -26. Let b = 24 - 17. Let r(m) = -m**3 + n - b*m**2 + 6 + 1 - 3*m. What is r(-6)?
-11
Let h(j) be the first derivative of -j**4/4 + 7*j**3/3 - 7*j**2/2 + 9*j + 225. Give h(7).
-40
Let a(k) = k**2 - 2. Let w = 61 - 61. Let t be (w + (-2 - -5))*(-4)/(-6). Determine a(t).
2
Suppose 4*w + 0*w = 0. Let l(a) be the second derivative of 0 - 3/2*a**2 - 1/6*a**3 + 6*a. What is l(w)?
-3
Let v(i) = 2*i + 1. Let p be (-5)/(-7) + 14/(-147)*-3. Let z be (4/(-16)*-20)/(1/p). Determine v(z).
11
Let i(m) = -m + 12*m - 8*m - 4*m - 12. Give i(-6).
-6
Let w(s) = -3*s. Let i be (5 + -3)*10/4. Let t = 8 - i. Suppose n + 1 = t. What is w(n)?
-6
Let y(m) = m**3 - 5*m**2 + m + 5. Suppose -d = 5*s - 29, -d = -5*d + 3*s + 70. Let w = 0 + d. Let z = w + -14. Calculate y(z).
10
Let v = 1303 + -1297. Let y(l) = -l + 10. Give y(v).
4
Suppose 0 = w + w + 2*d + 16, 4*w = -d - 35. Let g be 128/(-24) + 6/w. Let b(n) be the second derivative of -n**4/12 - 5*n**3/6 + n**2/2 - 2*n. Give b(g).
-5
Suppose t + 4*x + 2 = -10, -5*t = 2*x - 12. Suppose -r = 1 - t. Let k(w) = -1 - 7*w**2 - w - 1 + w**2 + r. Calculate k(1).
-6
Let h(z) = z**3 - 10*z**2 - 7*z + 11. Suppose d - 58 = -5*l, -l + 6*d - 7*d + 14 = 0. Give h(l).
55
Let i = 1101 - 1095. Let u(w) be the first derivative of -w**4/4 + 7*w**3/3 - 3*w**2 - 7*w - 2. Determine u(i).
-7
Suppose 4*j + 5*s = 23, 3*s - 13 = 7*j - 9*j. Let k(g) = g**2 - 7*g + 9. Give k(j).
-1
Let i(y) = -3*y**3 - 12*y**2 + 14*y + 3. Let n(w) = w**3 + 4*w**2 - 5*w - 1. Let o(r) = 6*i(r) + 17*n(r). Determine o(-3).
-5
Let r = 0 + 1. Let m(v) = 9*v + 3. Let a(l) = -26*l - 8. Let t(f) = 4*a(f) + 11*m(f). Give t(r).
-4
Let s(v) = 2*v**3 + v**2 + 7*v - 4. Let d(j) = j**3 + j**2 + 5*j - 3. Let w = -22 - -15. Let p(u) = w*d(u) + 5*s(u). Suppose 16 = 3*x + 19. Give p(x).
-4
Let i(o) be the third derivative of o**5/60 - 11*o**4/24 + 5*o**3/6 - 88*o**2 - 1. Determine i(11).
5
Let z = 36 - 33. Let y(n) = -z*n**3 + 1 - 2*n**3 - 3*n + n**3 + 5*n**3. Determine y(2).
3
Suppose 3*t = 4*t - 35. Let v = t + -30. Let d(c) be the first derivative of -c**3/3 + 5*c**2/2 + 5*c - 2. Give d(v).
5
Suppose 382 = 4*x + 390. Let u(m) = -1 + 5*m + 6 - 2. Determine u(x).
-7
Let b(v) = -4*v**2 + 4*v - 2. Let f(d) = d**2 + 15*d + 16. Suppose n + 8 = -20. Let y = 14 + n. Let c be f(y). Calculate b(c).
-10
Let o = 13 + -8. Suppose o*x = 24 - 4. Let r(y) = -y + 1. Let k(l) = 6. Let m(t) = k(t) + r(t). Give m(x).
3
Let m(o) = -o**2 - o + 5. Let w be m(0). Let x(l) be the third derivative of -l**6/120 + l**5/15 + l**4/6 + l**3/2 + 354*l**2. Give x(w).
-2
Let s(q) = -q**3 - 2*q**2 - q + 2. Let y be 1/(-4) + ((-1794)/(-8))/13. Let b be (-6)/15 + 4/10. Suppose 5*v = -5*d + d - 19, b = 5*v + 2*d + y. What is s(v)?
14
Let w(u) be the first derivative of -u**5/60 + u**4/3 + u**3/6 - 9*u**2/2 - 10. Let g(s) be the second derivative of w(s). Give g(8).
1
Let m(r) = 10*r**3 - 8*r**2 + 1 - 11*r**3 + r - 8*r. Suppose 24*c + 175 = -c. Give m(c).
1
Let a(s) be the second derivative of s**3/3 + 5*s**2 - 98*s. Calculate a(-6).
-2
Let r(s) = -4*s - 25 + 70 - 25 - 2*s**2 - 18 + s**3. Let q(v) = 2*v - 2. Let l be q(-2). Let f be ((-3)/(-6))/((-1)/l). What is r(f)?
-1
Let p be (3/(-2))/((-6)/(-8)). Let c(b) = 3*b - 15. Let w(g) = 1. Let f = -4 + 3. Let k(z) = f*c(z) - 15*w(z). What is k(p)?
6
Let v = -69 + 66. Let u(r) = 3*r + 5. What is u(v)?
-4
Let m(y) = -y**3 - 3*y**2 - 2*y - 3. Let c(w) = w**2 - 8. Let f be c(-3). Let h be (f - (2 + -3)) + -4. Give m(h).
-3
Let k(c) = 4*c. Let q(j) = -j**3 - j - 1. Let x be q(-1). Let m(t) = -t - 1. Let w(p) = x*k(p) + 5*m(p). Let o be (1 + -1)/(6/(-3)). What is w(o)?
-5
Let o = 714 + -718. Let j(s) = -s**3 + 0*s**3 - 4*s**2 - 5*s - 3 - s**2 + 2. What is j(o)?
3
Let l(u) be the first derivative of -8/3*u**3 - 11 + u - u**2. Let k = 4 + -3. What is l(k)?
-9
Let p(y) = y - 2. Let h be 4 - ((0 - 0) + 1). Suppose 5*n - 50 = -0*n - h*s, 0 = -3*n + 4*s + 1. Give p(n).
5
Let s(t) = 7*t - 1. Let k(r) = -6*r + 2. Let j(h) = 4*h - 6. Let b be j(3). Let a(l) = b*k(l) + 5*s(l). Give a(6).
1
Let z be 2*((-45)/(-2))/9. Suppose -6 = f + z*f. Let o(c) = 4*c**3 + 5*c**3 - c**2 + 2*c**2. Calculate o(f).
-8
Let v(p) = 39*p**2 + 14*p - 26. Let o(d) = -11*d**2 - 5*d + 9. Let h(f) = -7*o(f) - 2*v(f). Give h(3).
1
Let z(n) be the third derivative of 1/6*n**5 + 0*n - 6*n**2 + 0*n**4 + 0*n**3 + 0. Suppose 0 = m - 0*m + 1. Calculate z(m).
10
Let y(a) = -a**3 + 6*a**2 + 8*a - 2. Let l = -151 + 158. What is y(l)?
5
Let b(u) be the first derivative of -10*u**2 - 227. Calculate b(-1).
20
Suppose -13*r - 3*r = 80. Let v(p) = p**3 + 4*p**2 - 2. Give v(r).
-27
Let b(d) = 18*d + 12. Let l(q) = 7*q + 6. Let i(n) = -2*b(n) + 5*l(n). Determine i(-4).
10
Let n(k) = k**3 - 11*k**2 - 12*k + 6. Let x(y) = 2*y**2 + 51*y + 37. Let h be x(-25). What is n(h)?
6
Let g be 5 - (22/4 - 28/56). Let x(i) be the third derivative of -i**6/120 - i**5/60 - i**4/24 + i**2. Calculate x(g).
0
Suppose 2*o - 12 = -2*n + 4*n, o = -4*n - 9. Suppose -4 = o*i - 28. Let f be (-9 - -6)*i/6. Let p(v) = -v**2 - 2*v + 4. Calculate p(f).
-4
Suppose -4*h + 2*f = 66, -4*h + 3*f - 6*f = 41. Let s be (-3)/(-18) - h*(-15)/(-36). Let l(d) = -10*d**2 + 4 + 7*d + 9*d**2 + 2. What is l(s)?
12
Let d(t) be the second derivative of -t**3/6 + 8*t**2 + 674*t. Calculate d(6).
10
Let j(x) = -x**3 + x**2 + 2*x - 7. Let g = -388 - -388. Determine j(g).
-7
Let r(u) = 2 - 32 + 12 + u**2 + 14 + 2*u. What is r(-3)?
-1
Let q be 42/(-6)*((-20)/(-5) - 3). Let i(a) = a**2 + 2*a + 1. Determine i(q).
36
Let x(p) = -p. Suppose 2*l + 3 = 5*t - 2, -3*t + 3 = l. Suppose s + 3*s - 28 = l. Calculate x(s).
-7
Let d(p) = -3*p - 14. Let g(r) = -r - 5. Let i(c) = 6*d(c) - 17*g(c). Let j be ((-18)/(-15))/(10/(-25)). Let u be ((-3)/(-4))/(j/(-8)). What is i(u)?
-1
Let u(c) = c - 2. Suppose -18*b + 23*b + 5 = 0. Suppose 0 = -4*a + 4*s + 32, -3*a + 28 = a - 3*s. Let v(i) = -1. Let q(w) = a*v(w) + b*u(w). Calculate q(2).
-4
Let x(o) = -o**2 + 16*o - 42. Let l(n) = -n**2 + 17*n - 43. Let i(b) = 3*l(b) - 4*x(b). Let d be i(6). Let v(j) = 3*j**2 + 3*j - 1. Give v(d).
17
Let z(r) = -98*r + 286*r - 96*r - 43*r**2 - 91*r. Give z(1).
-42
Let i(u) be the second derivative of u**4/12 - u**2 - 5*u - 10. Let g(h) = -h - 3. Let w be g(0). Calculate i(w).
7
Let h(x) = -x**2 - 4*x + 47. Let j = 336 - 345. Calculate h(j).
2
Let p = 79 + -77. Let k(z) be the first derivative of z**5/20 - z**4/12 - z**3/2 + z**2/2 - 4*z - 5. Let l(f) be the first derivative of k(f). Determine l(p).
-1
Suppose 0 = 3*u + 9 + 6. Let b be (-38)/(-10) - u/25. Let i(q) = 1 - 2*q + 0 + 1 - 3. Calculate i(b).
-9
Let m(z) = 2*z + 2. Let x = -111 - -114. Determine m(x).
8
Let f = 85 + -120. Let a = f + 28. Let l(v) = -v**2 - 7*v + 3. What is l(a)?
3
Let t(q) = q + 12. Let f be t(-12). Let r(y) = -3 + 3*y**2 + 0*y**3 - y**3 + f*y**3. Let a(l) = -l**3 + 2*l**2 + 2*l - 1. Let o be a(2). Calculate r(o).
-3
Suppose -3*w - d - 71 = -55, -4*w + d = 12. Let l(y) = y**2 + 5*y + 5. Calculate l(w).
1
Let h(d) = d**2 + 19*d + 5. Let a be h(-19). Let o(p) = -p**2 - 7*p + 4. Let q(z) = -z**2 - 8*z + 5. Let m(t) = a*o(t) - 4*q(t). Determine m(-4).
-4
Let o(q) be the second derivative of q**4/12 + 7*q**3/6 + 3*q**2/2 - 9*q. Let j(m) = 4*m + 58. Let z be j(-16). What is o(z)?
-3
Let k(w) be the first derivative of -5*w**4/2 - w**3/3 - w**2/2 + 273. Give k(-1).
10
Let p(q) be the third derivative of -q**5/60 - 7*q**4/24 - 189*q**2. Let f(r) = -2*r**2 + 3*r + 4. Let g be f(3). Give p(g).
10
Let m(i) be the third derivative of -5/12*i**4 + 0 - 19*i**2 + 0*i - 13/6*i**3 + 1/60*i**5. Determine m(11).
-2
Let y(u) = 24*u + 2. Let n(j) = 1 + 16*j - 4*j + 0. Let h(c) = 7*n(c) - 4*y(c). Let i(b) = -b**2 - 5*b - 1. Let l be i(0). Determine h(l).
11
Let v = -536 - -529. Let q(a) = -a**3 - 8*a**2 - 11*a - 7. What is q(v)?
21
Suppose 5*d = 6*d - 2*v + 8, -3*v + 12 = -5*d. Let w(y) be the first derivative of y**3/3 + y**2/2 - 12*y - 11. Give w(d).
-12
Suppose 2*b - 3*d = 15, 31 = 2*b + 3*b - d. Let i(t) = t 